*r = 32. List the prime factors of (-16192)/y + 2/3.
2, 13
Let s(l) = 4*l**2 + 21*l - 90. List the prime factors of s(9).
3, 47
Suppose -12 = 2*g + g. Suppose 2*m + 10 = -0*m. What are the prime factors of m*(g/4 - 5)?
2, 3, 5
Suppose 0 = -2*f - f - 48. Suppose -2*w + 4*h = h - 49, -h + 53 = 2*w. Let y = f + w. What are the prime factors of y?
2, 5
What are the prime factors of 671/(-11)*(-6)/3?
2, 61
Suppose 0*y + 4*m = -y + 23, 3*y + 11 = 4*m. Suppose 0*h + 567 = 5*q - h, -4*q + 447 = -y*h. Suppose -30 = 7*t - q. What are the prime factors of t?
2, 3
Suppose 0 = -5*x - 3*g + 1136, 44*g + 1134 = 5*x + 46*g. List the prime factors of x.
2, 113
Let g(f) = 14*f**2 + 3*f - 6. Let n be g(2). Suppose -4*l + 170 = 5*o + l, 5*l = -2*o + n. What are the prime factors of o?
2, 19
Let z(p) = 3*p + 9. Let g be z(-4). What are the prime factors of (-957)/(-22)*(-10)/g?
5, 29
Suppose -4*n + 315 = -n. Let u be 2*(n/(-6) - 2). Let w = -12 - u. List the prime factors of w.
3
Suppose o - 3 = -6. Let b(l) = -l**2 + l - 1. Let v(k) = -k**3 - k**2 - 5*k + 7. Let g(z) = -6*b(z) - v(z). List the prime factors of g(o).
2, 19
Let j(c) = -56*c - 51. What are the prime factors of j(-7)?
11, 31
What are the prime factors of ((-43)/2)/(62/(-124))?
43
Let g be 14*-1 + (0 - -3). Let f = g - -15. Suppose -26 = -2*p + 3*w, -42 = -0*p - f*p + w. List the prime factors of p.
2, 5
Suppose -3*f + 2*f + 3 = 0. List the prime factors of (-5355)/(-30) + f/2.
2, 3, 5
Let v be (-63)/(-77) - (-3)/((-66)/(-4)). What are the prime factors of (2/3 - v)/(10/(-3630))?
11
Suppose -5*q = -2*q - 6. Suppose q*m + 12 = 6*m. Suppose -15 = -m*s - 2*s. List the prime factors of s.
3
Let s = 114 - -60. Suppose 9*z - s = 1437. What are the prime factors of z?
179
Let s(i) = i**3 - 3*i**2 + 10*i - 11. Let z be s(5). Suppose -2*m + 4*r + z = -137, 3*m = 2*r + 323. What are the prime factors of m?
3, 5, 7
Let d(m) = -m**3 - 7*m**2 + 2*m + 17. Let g be d(-7). List the prime factors of 4/6 + (g - 1540/(-12)).
2, 3, 11
Let s(m) = -m**3 - 8*m**2 - 10*m + 15. Let n be s(-6). Suppose n*u + 3*y - 122 = 7*y, 10 = -2*y. What are the prime factors of u?
2, 17
Suppose -3*j - 3*f + 45 = 0, -4*j = 2*f - f - 51. Suppose -j = -4*m - 0*m. Suppose -5 = -4*k + m*k. List the prime factors of k.
5
Let j = 567 - -355. List the prime factors of j.
2, 461
Let k(v) = v**3 + 19*v**2 + 38*v + 13. Let q be k(-17). Let j = q + 203. What are the prime factors of j?
2, 37
Let k = -7 + -12. Let c(l) = -l - 4. Let o be c(k). List the prime factors of 56 + 5/(o/(-9)).
53
Let o be 3/9 + 10/6. Suppose -o*b + b = y - 149, 2*y = -b + 300. List the prime factors of y.
151
Let h(c) be the first derivative of 3*c**2/2 - 6*c - 2. Let v(o) = -3*o**3 + o + 1. Let u be v(-1). List the prime factors of h(u).
3
Let p(h) be the third derivative of h**6/120 + 13*h**5/60 - 13*h**4/24 + 4*h**3 - 24*h**2. What are the prime factors of p(-14)?
2, 5
Let g(j) = -172*j + 15. List the prime factors of g(-2).
359
Suppose -12*m + 333 + 51 = 0. Let i(g) = 8*g**2 - 4*g + 2. Let a be i(3). Let p = a - m. What are the prime factors of p?
2, 3, 5
Let l(p) = p**2 - 2*p + 136. List the prime factors of l(-29).
3, 5, 23
Suppose 0 = 2*j + 4*h - 30, -j + 5*h = 5 + 1. Suppose j*p = 2*p + 413. What are the prime factors of p?
59
Let s = 12 - 18. Let o be 637/6 - (-1)/s. List the prime factors of o/(1*(-3 - -5)).
53
Suppose 4*d + 44*d - 50352 = 0. List the prime factors of d.
1049
Let q(g) = -g**2 + 15*g - 3. Let u be q(12). Suppose -u*i = -39*i + 1368. What are the prime factors of i?
2, 3, 19
Let v(h) be the second derivative of h**5/20 + 5*h**4/6 - 7*h**3/3 + 7*h**2 + 11*h. What are the prime factors of v(-11)?
47
Suppose 2*p - 15 = -3*p. Let j be p + 1 - (14 - -3). Let f(n) = -n**2 - 14*n - 2. List the prime factors of f(j).
11
Let b = -7264 + 10888. List the prime factors of b.
2, 3, 151
Let i be (-1555)/9 + -2 - (-2)/(-9). Let x = i + 363. List the prime factors of x.
2, 47
Let r(o) = o**3 + 24*o**2 + 5*o + 30. List the prime factors of r(-16).
2, 3, 37
Let k be (-176)/28 - (-4)/14. Let j = k - -14. Suppose -a + j = a. What are the prime factors of a?
2
Suppose -2*m + 3550 = 5*y, 2*y + y - m = 2141. Let a be y/36 + 4/18. What are the prime factors of (36/a)/(1/15)?
3
Suppose 0 = -4*w - 4*a + a - 171, a = -w - 42. Let z = -413 - -403. What are the prime factors of (-18)/w + (-346)/z?
5, 7
Suppose v = -4*t + 3*v + 580, 0 = 5*t + 2*v - 743. Let z = t + -101. What are the prime factors of z?
2, 23
Suppose 10 = 3*q + 37. Let n = q - -21. Let v = n + -3. List the prime factors of v.
3
Let g be (-83*1)/(1/1). Suppose 0 = -19*p - 368 - 31. Let n = p - g. List the prime factors of n.
2, 31
Suppose -5*f - 1284 + 3414 = 0. List the prime factors of f.
2, 3, 71
Let l be -8 - (1 - 1) - (2 - 3). Let f(m) = m**2 + 2. What are the prime factors of f(l)?
3, 17
Suppose 27*a + 5165 - 39158 = 0. What are the prime factors of a?
1259
Let t(b) = -b**3 + 7*b**2 + 3*b - 6. Let d be t(6). Let s be d/3*125/20. Suppose -2*k - 5*r + s = 0, -3*r + 112 = 2*k - r. What are the prime factors of k?
2, 3, 5
Suppose 0 = -2*g, 20 = 4*q - 2*g + 7*g. Let s(i) = i**3 - 4*i**2 - 3*i + 3. Let m be s(q). Let y = m + -4. List the prime factors of y.
3
Let h(z) be the third derivative of -z**5/60 - 5*z**4/24 - z**3 + 5*z**2. Let y be h(-5). List the prime factors of y/(-27) - (-734)/18.
41
Suppose -8*u + 6783 = 9*u. Suppose -5*h = u - 2154. What are the prime factors of h?
3, 13
Let g(n) = 3*n**2 - 10*n + 6. Suppose 5*b + 4 = 3*k + 3*b, -5 = -4*k + 3*b. Let d = 4 + k. What are the prime factors of g(d)?
2, 3
Let n = 616 + -96. List the prime factors of n.
2, 5, 13
Let j = -54 - -289. Let i = 454 - j. What are the prime factors of i?
3, 73
Let p = 3 - 1. Suppose -p*w + 288 = w. What are the prime factors of w?
2, 3
Let k(d) = -2*d**3 - d**2 + 2*d + 6. Let x be k(-6). Suppose -3*v - x = -6*v. What are the prime factors of v?
2, 5, 13
Suppose 4*t = 8*t - 48. Let u be (-1)/((t/(-92))/3). Suppose 2*g + u - 163 = 0. List the prime factors of g.
2, 5, 7
Suppose 5*o + 1706 = 3*q, -3*q + 0*o + 1682 = o. List the prime factors of q.
2, 281
Let k(v) = v**3 - 6*v**2 - 7*v + 2. Let x be k(5). Let z = 256 + x. Suppose -2*w - z = -3*u, -3*u + 172 = -w - 23. What are the prime factors of u?
2
Suppose 0 = -2*b + 6*b. Suppose -3*t - 3*u - u = -3, b = -2*t + 2*u - 12. List the prime factors of t/12 - 133/(-4).
3, 11
Let k(h) = -13*h - 11*h - 18 - 11*h - 16. List the prime factors of k(-4).
2, 53
Let c(d) = d**3 - 18*d - 5. List the prime factors of c(9).
2, 281
Suppose -5*f - d = -1172, d + 51 = f - 187. Let t = 364 - f. List the prime factors of t.
3, 43
Let p = 14 - 16. List the prime factors of p/12 - (-2744)/48.
3, 19
Suppose 0 = -3*g - 0*g. Suppose -3*q = -3*c + 99, 3*c + g*q = -5*q + 99. List the prime factors of c.
3, 11
Suppose 5*w + q = -167, -2*w + 28 = -4*q + 108. Suppose p + 6 + 12 = 0. List the prime factors of w/(-6)*(-6 - p).
2, 17
Let m(h) = 3*h**3 - 2*h**2 - 2*h + 2. Let b(y) = y - 4. Let i be b(6). Suppose 2 = v - z, -z = -i*v + 3 + 1. List the prime factors of m(v).
2, 7
Let c = 40 - -89. Let q = -16 + c. List the prime factors of q.
113
Suppose 4*w - 1 = -5. Let k be (w + -1)*7/(-7). Suppose -3*s = -k*s - 21. List the prime factors of s.
3, 7
Let p = 51 - 31. Suppose h - 5*r = 2*h - p, r = h - 32. Suppose d + 5*w = h, -5*d + 3*w + 47 = -47. List the prime factors of d.
2, 5
Let p = -742 + 1307. List the prime factors of p.
5, 113
Suppose c + 15*s = 17*s + 1910, -2*s + 6 = 0. List the prime factors of c.
2, 479
Let q = -13 - 6. Let d = q + 23. What are the prime factors of d?
2
Suppose -4*l = m + 17, m + 15 = -5*l + 6*m. Let h(k) = 2*k**3 + 4*k + 3. Let z be h(l). What are the prime factors of 6/(-15) + z/(-15)?
3
Suppose 106 = -2*b + k + 3*k, -2*k = -4. Suppose -75 = 4*r - 403. Let n = b + r. List the prime factors of n.
3, 11
Suppose -3*z = -5*f - 157, -3*f + 195 = 5*z + 2*f. Let y = z + 31. List the prime factors of y.
3, 5
Let m(u) = -4*u + 2. Let n be m(4). What are the prime factors of 150/(n/(-4) + -2)?
2, 5
Let q(t) = 22*t**3 - 3*t + 4. Let j be 0*(-3)/(-6) + (3 - 1). What are the prime factors of q(j)?
2, 3, 29
Suppose -2*t + 26 = 2*s, -2*t + 18 = -3*s + 4*s. Let g(a) = 2*a**2 - 7*a + 3. List th